?
-3
Let t(x) = -66*x + 1069. Determine t(27).
-713
Let j(z) = -11*z - 1299. Determine j(-117).
-12
Let k(i) = -4*i**2 + 554*i - 6530. Determine k(13).
-4
Let b(c) = 186*c - 8373. What is b(45)?
-3
Let i(a) = a**3 + 14*a**2 + 27*a + 72. Determine i(-13).
-110
Let d(c) = -c**2 - 42*c - 289. Give d(-26).
127
Let f(n) = 4*n**2 - 32*n - 452. Give f(-15).
928
Let t(m) = 13*m - 189. Give t(14).
-7
Let n(w) = -w**3 - 6*w**2 + 8*w + 12. Calculate n(5).
-223
Let s(i) = 2*i**3 + 31*i - 232. What is s(5)?
173
Let c(d) = d**3 + 227*d**2 - 230*d - 491. Give c(-228).
-35
Let f(v) = 5*v**2 - 199*v - 157. Calculate f(41).
89
Let b(j) = -j**3 + 6*j**2 + 13*j - 110. Give b(6).
-32
Let h(u) = -70*u - 576. Calculate h(-8).
-16
Let c(o) = -o**3 + 17*o**2 - 69*o + 7. Determine c(7).
14
Let z(l) = l**2 + 65*l + 341. Give z(-59).
-13
Let q(x) = 41*x**2 + 4*x - 7. Give q(-3).
350
Let u(t) = -t**3 + 5*t**2 + 49*t - 4. Calculate u(9).
113
Let i(n) = -350*n + 4537. Calculate i(13).
-13
Let v(t) = -t**2 - 30*t - 203. Calculate v(-17).
18
Let p(m) = 3*m - 809. Give p(141).
-386
Let f(b) = -b**3 - 84*b**2 + 14*b + 1219. Calculate f(-84).
43
Let k(d) = 3*d**2 + 2*d + 5. Calculate k(-2).
13
Let c(l) = 11*l**3 - 29*l**2 + 14*l - 3. Determine c(2).
-3
Let z(x) = 133*x + 20085. Calculate z(-151).
2
Let h(k) = 603*k - 4821. Calculate h(8).
3
Let t(q) = -3*q**2 + 10*q - 16. Determine t(4).
-24
Let x(l) = 18*l - 1614. Determine x(79).
-192
Let o(f) = f**2 - 4061*f + 28370. Give o(7).
-8
Let x(l) = -l**3 - 103*l - 633. Determine x(-6).
201
Let i(p) = 80*p + 2834. What is i(-36)?
-46
Let g(m) = 456*m + 5931. Calculate g(-13).
3
Let r(a) = 29*a - 1427. Calculate r(36).
-383
Let s(y) = 54*y**2 + 646*y - 12. Give s(-12).
12
Let b(j) = -6*j**2 - 25*j + 36. Calculate b(2).
-38
Let c(l) = -613*l + 51486. Determine c(84).
-6
Let o(r) = -801*r + 7136. Calculate o(9).
-73
Let y(g) = 7*g + 37. Determine y(-9).
-26
Let h(z) = -4*z**3 + 173*z**2 - 52*z - 15. What is h(43)?
-402
Let y(t) = -24*t**2 + 24*t - 1. Give y(1).
-1
Let p(f) = 101*f - 273. What is p(3)?
30
Let v(u) = 82*u**2 - 2*u + 3. Give v(1).
83
Let c(k) = -5*k**2 + 18*k - 52. Calculate c(7).
-171
Let h(v) = 2*v**3 + 2*v**2 + 29*v + 74. Calculate h(-3).
-49
Let a(s) = -10*s - 683. Calculate a(-67).
-13
Let a(b) = 16*b + 165. Calculate a(-10).
5
Let y(f) = -1543*f - 9257. Calculate y(-6).
1
Let i(n) = -n**3 - 11*n**2 - 29*n - 245. Give i(-11).
74
Let h(n) = n**3 - 29*n**2 + 90*n - 320. What is h(26)?
-8
Let l(t) = t**3 + 17*t**2 - 8*t - 130. Determine l(-17).
6
Let o(v) = -57*v**2 + 31*v + 104. Give o(-3).
-502
Let o(y) = 5*y + 66. What is o(-12)?
6
Let s(f) = -96*f + 1969. What is s(20)?
49
Let w(z) = 5*z**2 + 2*z + 242. Give w(0).
242
Let t(h) = -3*h**2 - 76*h - 14. What is t(-25)?
11
Let u(y) = -49*y + 18. Calculate u(-6).
312
Let x(u) = 119*u - 595. What is x(5)?
0
Let p(u) = 2*u**3 - 43*u**2 + 23*u - 40. Calculate p(21).
2
Let b(y) = -26*y - 83. What is b(-4)?
21
Let z(k) = 8*k - 1479. What is z(184)?
-7
Let w(d) = -12*d**2 - 96*d + 40. Determine w(-7).
124
Let a(d) = 99*d**2 - 26*d - 26. Give a(-1).
99
Let g(o) = 2266*o - 172234. What is g(76)?
-18
Let a(g) = 18*g - 354. What is a(20)?
6
Let s(c) = c**2 + 72*c - 11462. What is s(-149)?
11
Let c(b) = b**2 - 51*b - 756. Determine c(-12).
0
Let j(g) = -2*g**2 - 38*g - 214. Determine j(-5).
-74
Let q(y) = 3*y**2 - 83*y + 222. What is q(25)?
22
Let r(q) = 8*q**2 + 244*q + 853. Give r(-26).
-83
Let z(v) = 13*v + 1451. What is z(-109)?
34
Let p(k) = 433*k - 23008. Give p(53).
-59
Let u(m) = m**3 - 9*m**2 + 12*m + 42. What is u(0)?
42
Let x(a) = -3*a + 436. What is x(-8)?
460
Let n(d) = d**3 + 13*d**2 + 39*d + 12. Determine n(-8).
20
Let d(c) = 8*c**3 - 4*c**2 - 7*c - 4. Calculate d(-2).
-70
Let w(a) = -13*a**2 + 11*a + 5. Calculate w(2).
-25
Let i(l) = 8*l + 110. Give i(-24).
-82
Let t(v) = -3*v**3 + 29*v - 1. Calculate t(-3).
-7
Let m(n) = -26*n - 190. Give m(-7).
-8
Let n(a) = 2*a**2 + 211*a - 576. Give n(-108).
-36
Let k(g) = -3*g**3 - 2*g**2 - 17*g - 33. Give k(-4).
195
Let s(g) = 2*g**2 + 117*g + 286. Calculate s(-55).
-99
Let n(h) = 13*h**3 - 8*h**2 + 5*h + 14. Determine n(-1).
-12
Let x(d) = d**3 - 13*d**2 - 9*d - 11. What is x(14)?
59
Let q(c) = 2*c**3 - 76*c**2 - 2*c + 57. What is q(38)?
-19
Let z(f) = f**2 - 26*f + 300. What is z(14)?
132
Let c(u) = -13*u - 564. Calculate c(-47).
47
Let q(d) = d**2 - 29*d + 152. Determine q(12).
-52
Let m(i) = -i**3 - 32*i**2 - 162*i - 108. What is m(-26)?
48
Let q(s) = -s**3 + 10*s**2 + 15*s - 4. What is q(12)?
-112
Let a(r) = -r**3 - 4*r**2 + 405*r + 1629. Give a(-4).
9
Let g(l) = 2848*l - 8541. Calculate g(3).
3
Let q(i) = 21*i**2 + 111*i + 63. What is q(-4)?
-45
Let c(s) = -677*s - 513. What is c(-1)?
164
Let r(d) = d**3 + 10*d**2 - 58. Determine r(-9).
23
Let u(y) = -1413*y + 19779. What is u(14)?
-3
Let m(l) = 8*l**2 - 450*l + 89. What is m(56)?
-23
Let w(f) = -4*f**2 + 2*f + 117. Determine w(-5).
7
Let x(o) = 2*o**3 + 120*o**2 - 124*o - 96. What is x(-61)?
26
Let c(n) = 80*n - 1425. What is c(17)?
-65
Let x(l) = 2*l**2 - 12*l - 254. What is x(14)?
-30
Let o(s) = -69*s - 109. Calculate o(2).
-247
Let v(u) = u**2 + 9*u - 64. What is v(-15)?
26
Let z(c) = -2*c**3 - 6*c**2 + 36*c + 183. Give z(6).
-249
Let a(d) = d**2 + 11*d + 40. What is a(5)?
120
Let m(f) = 6120*f + 30593. What is m(-5)?
-7
Let b(t) = t**2 + 4*t - 2115. Calculate b(-48).
-3
Let t(b) = -376*b - 320. Give t(-1).
56
Let x(w) = w**3 - 10*w**2 + 8*w - 26. Give x(10).
54
Let t(r) = r**2 + 549*r + 18927. Calculate t(-37).
-17
Let g(c) = -c**3 + 12*c**2 - 16*c - 26. Determine g(7).
107
Let w(h) = h**3 - h - 14. Give w(0).
-14
Let n(z) = -3*z**3 + 9*z**2 + 11*z - 25. Calculate n(5).
-120
Let d(w) = w**3 - 12*w**2 + 36*w + 2. What is d(10)?
162
Let w(h) = 19*h - 346. What is w(18)?
-4
Let p(f) = -f**2 - 37*f + 48. What is p(-39)?
-30
Let t(y) = 62*y + 278. What is t(-4)?
30
Let u(s) = -2*s - 176. Calculate u(-69).
-38
Let n(m) = m**3 + 4*m**2 + 12*m + 10. Give n(-4).
-38
Let z(r) = -r**3 - 3*r**2 + 12*r + 3. Give z(-5).
-7
Let c(q) = 28*q**2 - 175*q + 17. Determine c(5).
-158
Let n(c) = 73*c**2 - 438*c + 11. Calculate n(6).
11
Let n(a) = -330*a**2 + 1651*a - 4. What is n(5)?
1
Let q(g) = 123*g**2 - 7*g - 6. Determine q(-1).
124
Let s(t) = 2*t**3 - 276*t**2 - 2*t + 307. Determine s(138).
31
Let y(j) = -13*j + 56. Calculate y(6).
-22
Let j(i) = 2*i + 15. Determine j(25).
65
Let m(z) = -36*z + 868. Give m(23).
40
Let a(b) = 5*b**2 + 103*b - 275. What is a(-23)?
1
Let x(i) = -14*i + 63. Calculate x(3).
21
Let j(m) = m**2 - 13*m + 17. Give j(1).
5
Let n(m) = 11*m**3 + 6*m**2 + 14*m + 6. Determine n(-1).
-13
Let t(g) = 28*g**2 + 697*g - 80. Calculate t(-25).
-5
Let y(b) = -b**3 + 10*b**2 - 8*b + 17. What is y(9)?
26
Let n(q) = q**3 - 25*q**2 - 20*q - 65. Give n(26).
91
Let w(c) = -10*c**2 - 170*c - 72. Give w(-17).
-72
Let j(m) = 983*m**2 + 8848*m + 18. Give j(-9).
9
Let m(d) = -7643*d + 76433. Calculate m(10).
3
Let i(a) = -7*a**2 - 414*a - 3438. What is i(-10)?
2
Let v(c) = 219*c + 217. Give v(-1).
-2
Let w(o) = 8*o + 132. What is w(-21)?
-36
Let f(h) = -123*h + 11455. What is f(93)?
16
Let b(z) = -1154*z + 72. Give b(0).
72
Let k(g) = g**2 + 18*g - 92. Determine k(5).
23
Let m(x) = -2*x**3 - 183*x**2 - 789*x - 521. Determine m(-87).
1
Let t(q) = 17*q - 333. Calculate t(19).
-10
Let q(s) = -11*s**3 - 60*s**2 + 35*s - 3. Determine q(-6).
3
Let p(j) = -j**3 - 60*j**2 - 114*j + 67. What is p(-58)?
-49
Let l(i) = 12*i + 130. Give l(-14).
-38
Let q(w) = -w**3 - 10*w**2 + 230*w - 33. Calculate q(-21).
-12
Let h(t) = -263*t + 3074. Give h(11).
181
Let r(d) = -d**3 - 10*d**2 - 26*d - 77. Determine r(-9).
76
Let q(n) = -n**3 - 17*n**2 - 36*n - 79. What is q(-15)?
11
Let c(h) = 77*h - 1374. What is c(18)?
12
Let g(n) = n**3 + 77*n**2 + 1031*n - 56. Determine g(-17).
-243
Let a(r) = -18*r - 91. Give a(-6).
17
Let w(v) = -370*v + 14813. Give w(40).
13
Let q(c) = 47*c + 420. Determine q(-9).
-3
Let w(j) = 106*j**3 - j**2 - 3*j - 2. Calculate w(-1).
-106
Let f(r) = 43*r - 10. Calculate f(18).
764
Let c(l) = -2*l**3 + 103*l**2 - 47*l - 200. Calculate c(51).
4
Let u(w) = -8*w**2 + 59*w. Calculate u(7).
21
Let x(d) = d**3 + 5*d**2 - 248*d - 1006. Give x(-4).
2
Let s(u) = 64*u - 39. Determine s(1).